101001001011 + -11?
-10000101100001101001001110
In base 14, what is 92a783 - 0?
92a783
In base 9, what is 0 - -37362604?
37362604
In base 3, what is 11211 + -110000100?
-102211112
In base 2, what is 1001101101001 - -1011010101?
1011000111110
In base 6, what is -12241 - 23311?
-35552
In base 8, what is -144 + 7667465?
7667321
In base 15, what is -1b476c8 - 3?
-1b476cb
In base 13, what is -1 + 742c981?
742c980
In base 3, what is -211201 - -120022122?
112110221
In base 9, what is 847232 - 8?
847223
In base 8, what is 3106035 + 172?
3106227
In base 16, what is 68f36e - -4?
68f372
In base 11, what is 33a885 - a?
33a876
In base 2, what is 10000001011111101101101110 + -11?
10000001011111101101101011
In base 14, what is -a29878 + 2?
-a29876
In base 11, what is -9aa3a3 + -99?
-9aa491
In base 8, what is -1 - 3003176?
-3003177
In base 3, what is 210001 + 1200011101102?
1200012011110
In base 3, what is -10 + 12002010212011012?
12002010212011002
In base 10, what is 233076447 + -2?
233076445
In base 9, what is -724 - 10733?
-11557
In base 7, what is 2 - -1314631126?
1314631131
In base 15, what is 499101 - 6?
4990ea
In base 5, what is -44034201 - 1?
-44034202
In base 14, what is -4 + 62c796?
62c792
In base 4, what is -10330030 + 1332130?
-2331300
In base 10, what is -1 - -1003847?
1003846
In base 11, what is 5 + -4702646?
-4702641
In base 16, what is 101 - -387?
488
In base 8, what is -4 - -6411431?
6411425
In base 12, what is 50 - 37a511?
-37a481
In base 11, what is 7 - a6451a?
-a64513
In base 2, what is 11000100000010 - 11100111100101?
-100011100011
In base 2, what is -1010110010 + -1110100000001100?
-1110101010111110
In base 15, what is -245d + -98?
-2506
In base 16, what is -7817e - -1?
-7817d
In base 14, what is 39c + -246a?
-20ac
In base 14, what is 156 + 58918c?
589304
In base 10, what is -10040 + 241?
-9799
In base 6, what is 1434 - 11444240?
-11442402
In base 9, what is -18146 - -2313?
-15733
In base 14, what is 78461 - 58?
78407
In base 14, what is 1 - 14250cb?
-14250ca
In base 6, what is 333344142334 + 0?
333344142334
In base 11, what is 1160479 + -16?
1160463
In base 6, what is -3035022551 - 2?
-3035022553
In base 16, what is -24674 - -1dbe?
-228b6
In base 6, what is -10033312 + -1120?
-10034432
In base 3, what is 120110222002222122 + -1?
120110222002222121
In base 12, what is 1b4b13 - -4?
1b4b17
In base 3, what is -220122102111012 + -101?
-220122102111120
In base 15, what is 1 + 1817a3?
1817a4
In base 4, what is -32321322 + -222100?
-33210022
In base 9, what is 2770416 - 21?
2770385
In base 14, what is 0 - -469185?
469185
In base 8, what is -46300477 - 14?
-46300513
In base 9, what is 1802235 + -10?
1802225
In base 8, what is -1576073 - 17?
-1576112
In base 2, what is 110011010111101011101111100 - 101?
110011010111101011101110111
In base 8, what is 4 + -3246625?
-3246621
In base 5, what is -1211 + 232043322?
232042111
In base 6, what is 1324120522 + -33?
1324120445
In base 4, what is 3021332302 - -10?
3021332312
In base 13, what is 4 + -15a73b2b?
-15a73b27
In base 5, what is -10014 - 340132?
-400201
In base 6, what is -120440031 + -102?
-120440133
In base 9, what is 3565 + 42414?
46080
In base 5, what is -31 - 112200130131?
-112200130212
In base 15, what is -1e - -b2e89?
b2e6a
In base 13, what is 5 - c0475b?
-c04756
In base 3, what is 211 - 202212202?
-202211221
In base 7, what is 5651 + 24461?
33442
In base 13, what is -6cc + 43628?
42c29
In base 12, what is 62 + -a9a77b?
-a9a719
In base 15, what is 1ea7468 - 3?
1ea7465
In base 6, what is 1032551 - -413?
1033404
In base 6, what is 4 - 512152?
-512144
In base 7, what is -2 + -101516004?
-101516006
In base 8, what is 7 + 144274616?
144274625
In base 8, what is 63 + -117446?
-117363
In base 15, what is -2 + ab3d221?
ab3d21e
In base 14, what is abbbb3 - 15?
abbb9c
In base 7, what is 5 - 313552325?
-313552320
In base 4, what is -22310 + 3123322210?
3123233300
In base 12, what is -79762 - 138?
-7989a
In base 5, what is -10 - 30204121212?
-30204121222
In base 11, what is -10402 + 1704?
-97a9
In base 4, what is 0 + -33021013300?
-33021013300
In base 10, what is 698 - -1819?
2517
In base 13, what is 34512ca + 2?
34512cc
In base 16, what is 169 + 8579?
86e2
In base 11, what is 96567 - -18?
96584
In base 10, what is -149 - -34086?
33937
In base 15, what is -4 + -55724?
-55728
In base 14, what is 221 - -1a248?
1a469
In base 12, what is -1b25418 + -12?
-1b2542a
In base 9, what is 2 + -5108632?
-5108630
In base 7, what is -13430512 - 214?
-13431026
In base 10, what is 45 - 23314?
-23269
In base 13, what is -223b44c7b + -1?
-223b44c7c
In base 4, what is 2 - 223221222222?
-223221222220
In base 16, what is 4d49213 + -5?
4d4920e
In base 4, what is -12 - 101110200212?
-101110200230
In base 5, what is 32422 - -2323?
40300
In base 10, what is 2445351 - -21?
2445372
In base 13, what is 64a - -446a?
4ab7
In base 5, what is -1120014404212 + -1?
-1120014404213
In base 14, what is 5 - d8d51b?
-d8d516
In base 3, what is 111 - -1000222021110210?
1000222021111021
In base 7, what is 55 + -1232303?
-1232215
In base 12, what is 4731061 - 4?
4731059
In base 16, what is 0 + 1221c6?
1221c6
In base 2, what is 1100100101 - -1000011100001000?
1000101000101101
In base 16, what is 4 + -fac3?
-fabf
In base 4, what is -112122000321 - 12?
-112122000333
In base 3, what is 20020022122 - -220?
20020100112
In base 12, what is 0 + -278a791?
-278a791
In base 10, what is 30 + 275409?
275439
In base 7, what is -3052234 - 6?
-3052243
In base 11, what is 522209 + 78?
522286
In base 2, what is -11100010100000111011010101 + -101?
-11100010100000111011011010
In base 10, what is 13 + 11939609?
11939622
In base 4, what is 2111211 + -2021?
2103130
In base 8, what is 1325 - 45275?
-43750
In base 2, what is 10110010010000011000111 - -10?
10110010010000011001001
In base 12, what is -58b - -1a7a64?
1a7495
In base 2, what is -101001011100 - -110111111100011?
110010110000111
In base 16, what is -58401c - -8?
-584014
In base 15, what is 1 - 1d7cb?
-1d7ca
In base 6, what is -44454515 - -1413?
-44453102
In base 12, what is -8bb6247 - 15?
-8bb6260
In base 10, what is 58104501 + -6?
58104495
In base 14, what is c + d6cc22?
d6cc30
In base 13, what is -5391b - 5?
-53923
In base 11, what is 99226 + 591?
99807
In base 9, what is 40 + -87025?
-86875
In base 9, what is -125 - -3741?
3615
In base 5, what is -3 - -3322232104?
3322232101
In base 14, what is -a8701 + -bb7?
-a94b8
In base 15, what is -1d34ae - 31?
-1d34e0
In base 4, what is -110 - -21013223100?
21013222330
In base 12, what is -4 - 69a2305?
-69a2309
In base 10, what is 124337194 - 1?
124337193
In base 3, what is 11 - -1002111110121?
1002111110202
In base 12, what is -9b63240 + -8?
-9b63248
In base 8, what is -362263 + -2004?
-364267
In base 11, what is 0 - 24627815?
-24627815
In base 16, what is -200fa0 - 169?
-201109
In base 14, what is -1ad + -74074?
-74243
In base 11, what is 15 - 12185?
-12170
In base 14, what is -247dc6b - 5?
-247dc72
In base 2, what is -100001001000101000110110 - 10?
-100001001000101000111000
In base 9, what is -12642570 - 3?
-12642573
In base 14, what is -5 + -4a02ca2?
-4a02ca7
In base 12, what is -4 - 534321?
-534325
In base 6, what is -251 - -252024054?
252023403
In base 6, what is -15542 + 150331?
130345
In base 2, what is -11000010000001100 + -100111010011?
-11000110111011111
In base 14, what is 159 - 202b?
-1cb2
In base 5, what is -2 + 3000303111?
3000303104
In base 5, what is -11 - 103244233?
-103244244
In base 7, what is 2 - 25163332?
-25163330
In base 2, what is 10010111100 - -1000110101110110?
1001001000110010
In base 2, what is 1101 - -100111111011010110?
100111111011100011
In base 5, what is -2 - -4400221341?
4400221334
In base 16, what is 23 + 6e1d57?
6e1d7a
In base 7, what is -223265423 + 5?
-223265415
In base 10, what is -2 - 3123420?
-3123422
In base 16, what is -18 + 1d621?
1d609
In base 6, what is -13440 + -540?
-14420
In base 9, what is 6207483 + -1?
6207482
In base 14, what is -d219 + -204?
-d41d
In base 9, what is -2787708 + -4?
-2787713
In base 16, what is 237 - 3250?
-3019
In base 16, what is 5 - -1c20cd0?
1c20cd5
In base 6, what is 121055254 + -4?
121055250
In base 12, what is -18752915 - -5?
-18752910
In base 14, what is -328 + -21c2?
-250a
In base 2, what